-4). Suppose -h*w - 1 = 7. Calculate m(w).
-11
Let a(b) = -2*b + 8. Let g be a(6). Let k(x) = x + 8. Let d be k(g). Let i(n) be the first derivative of n**3/3 - 5*n**2/2 - n - 1. What is i(d)?
-5
Let p(z) = -z**2 - 8*z - 20. Let s(k) = -2*k**2 + 20*k + 186. Let g be s(16). Calculate p(g).
-8
Let n = 515 + -511. Let y(i) = 7*i - 6. Give y(n).
22
Suppose -215 = -6*f + 157. Let d(p) = -65 - f + 3*p + 125. Determine d(-2).
-8
Let d(w) = 4*w + 15. Let q = 204 + -211. Give d(q).
-13
Let m(s) = 2*s**2 + 20*s - 6. Let r(j) = -j**3 + 25*j**2 + 67*j - 362. Let q be r(27). Determine m(q).
16
Let y(d) = 4*d**3 + d**2 - 1. Let x = 10 + -4. Suppose -11*m + 5 = -x. Determine y(m).
4
Let h = -51 + 13. Let n = h - -31. Let g(z) = -z + 2. Give g(n).
9
Let n(h) = h**3 + 8*h**2 + 7*h - 9. Suppose -3*w - t - 17 = -1, -60 = 5*w - 5*t. Calculate n(w).
-9
Let z(l) be the second derivative of 0 + 1/12*l**4 - 1/2*l**2 + 7/6*l**3 + 4*l. Suppose 17 = 5*o - 7*o - 5*n, -3*n - 3 = 0. Give z(o).
-7
Suppose 0 = -5*w + 2*t - 109, 2*w - 5*t + 0*t + 31 = 0. Let l = w - -19. Let r(f) = f**2 + 5*f - 1. Determine r(l).
-5
Let z(r) be the second derivative of r**3/6 + r**2 - 305*r. Determine z(-6).
-4
Suppose -5*a - z = -1, 6*a + 3*z = 3*a - 9. Let y(b) be the second derivative of -b**5 + b**4/12 - b**3/6 + b**2/2 + 68*b. Calculate y(a).
-19
Let k(w) be the third derivative of w**6/60 - 7*w**5/30 - 4*w**3/3 + 31*w**2 + 3. Calculate k(7).
-8
Let f be 3/(1*(0 + 1)). Let z(x) = 3*x**2 - 4*x**3 + 2*x**3 + 3*x**f + 0*x**3 - x + 3. Calculate z(-3).
6
Let r(y) = -y**2 - y + 1. Let f be r(-2). Let z(l) = 2*l**3 + 11*l**2 - 7*l - 1. Let v(t) = t**3 + t**2 + 1. Let b(n) = f*z(n) + 3*v(n). What is b(7)?
4
Let q(i) be the first derivative of 3*i**2/2 - 6*i + 167. Suppose 0 = 5*c - 5*p - 60, 4*c + 0*c + 3*p - 62 = 0. Suppose -2 + c = 3*j. Determine q(j).
6
Let t(r) = -2*r - 3. Let a be t(-6). Let s(c) = -7*c**2 - 21*c + c**3 + 5*c + 10 - 3*c + a*c. Calculate s(8).
-6
Let h be -2*(-1)/(-6)*-15. Let w = h + -3. Let u(a) = 12 - 12 - w*a + a. Give u(7).
-7
Let c(u) = -10 + 26 - 5 + 10*u + 13*u - 21*u. Suppose 0*y - 40 = 4*y. Give c(y).
-9
Let s(i) be the first derivative of i**3/3 - 4*i - 3. Let f = -707 - -710. Calculate s(f).
5
Let o(s) = 3*s**3 - 7*s**2 + 25*s. Let b(m) = -2*m**3 + 4*m**2 - 17*m. Let j(q) = 7*b(q) + 5*o(q). Calculate j(6).
0
Let a be (-21)/90 + (-58)/(-145). Let w(t) be the second derivative of 5*t + 0 - 1/2*t**2 - a*t**3 + 0*t**4 + 9/20*t**5. Determine w(-1).
-9
Let v(b) = 4*b - 16. Let k(q) = -q + 5. Let n(w) = -11*k(w) - 3*v(w). Determine n(-15).
8
Let p(d) = -d**2 - 4*d - 1. Let h be p(-2). Let r(w) = -13 - 5 + 6 - h*w. What is r(-8)?
12
Let t(z) = -z**2 + 11*z + 14. Let c be t(12). Let r(y) = c*y + 3*y + 0 + 3 - 1. Let p(i) = -i**2 - 9*i - 2. Let v be p(-9). Calculate r(v).
-8
Let u(l) = 29 + 18 + 5*l**2 - 52 - 2*l - 5*l + l**3. Determine u(-6).
1
Let d = -3 - -9. Let n be (-80)/14 + d/(-21). Let h(l) = 7*l + 8. Let j(z) = -z. Let t(w) = h(w) + 6*j(w). What is t(n)?
2
Let u(a) = -a**2 - 10*a - 10. Suppose -2*t = 13*h - 9*h + 40, t = 5*h + 36. Calculate u(h).
6
Let s be (4/(-6))/((-6)/36)*1. Let k(x) = x**2 - 7*x - 2. Determine k(s).
-14
Let k be 1*13 + 4 + -1. Let i = 20 - k. Let p(a) = a**3 - 3*a**2 - 4*a + 4. What is p(i)?
4
Let u(x) = -2*x**3 - 6. Let w be (-92 + 90)/((-2)/6 + 1). What is u(w)?
48
Let o(k) = k. Let j(s) = -s**3 - 2*s**2 + 3*s + 2. Let a be j(-2). Let h be o(a). Let q be h/3*9/6. Let z(r) = r**2 - r + 1. What is z(q)?
7
Let u be (6 - 33)*(3 - -2). Let n be 2/5 + u/25. Let m(p) = p**3 + 3*p**2 + 3*p + 3. Let f(d) = d**2 + d. Let o(j) = -3*f(j) - m(j). Give o(n).
2
Suppose 5*f = 65 - 25. Let p(o) = o**2 - 9*o + 12. Calculate p(f).
4
Let u(j) = -j**2 - 3*j - 3. Let m(z) be the second derivative of -z**2 + 0 + 1/3*z**3 - 1/12*z**4 - 6*z. Let k be m(2). Give u(k).
-1
Let s(c) = -4 - 5 + 3 - 2*c**3 - 23*c - 8*c**2 + 21*c. Let m be s(-4). Let z(j) = 0*j + 0*j**2 - 2*j - j**2. Give z(m).
-8
Let m(u) be the second derivative of 4*u**3/3 + 17*u**2/2 + 167*u + 1. Determine m(-7).
-39
Let i(c) = -83*c + 163*c - 82*c + 12. Calculate i(-8).
28
Let v(y) = -23*y + 4. Let p(w) = 23*w - 3. Let r(u) = 5*p(u) + 4*v(u). Calculate r(1).
24
Let l(m) be the first derivative of m - 1/4*m**4 - 2*m**3 - 17 - 5/2*m**2. Let z(t) = -t - 7. Let k be z(-3). Determine l(k).
-11
Let c(w) be the second derivative of -w**5/20 + w**4/3 + w**3/6 - 8*w. Let i(l) = -l**2 - 5*l - 3. Let p be i(-3). What is c(p)?
12
Let v(h) = 3*h - 5. Let w be (-38)/(-9) - 10/45. Suppose -w*l + 92 = 20. Let g = 23 - l. What is v(g)?
10
Let h(l) be the second derivative of -2*l**4/3 - l**3/6 + l**2 + 22*l. Let g be h(1). Let b(o) = o**2 + 7*o + 4. Determine b(g).
4
Suppose 0 = 2*o + r + 1, 0 = -4*o + 3*r - 27 - 0. Let x = -1 - o. Let a(p) = 1 - p**3 - 3*p**2 + 3*p - 6*p - 7 + x. Determine a(-3).
5
Let h(i) = -2*i**2 - 5*i + 7. Let s(r) = -r**2 - 5*r + 7. Let v(g) = -2*h(g) + 3*s(g). Let l = 20 + -14. Determine v(l).
13
Let u(h) = -2*h**2 + 39*h - 82. Let m be u(17). Let r(s) = 2*s - 3 + 2 + 0*s. Give r(m).
5
Let r = -7 + 14. Let j(y) = -4*y**2 - 7*y + 5. Let g(o) = -3*o**2 - 7*o + 5. Let d = 30 + -25. Let f(q) = d*g(q) - 4*j(q). Calculate f(r).
5
Let l(y) = 3*y**2 + 10*y - 7. Let d(t) = 8*t**2 + 29*t - 20. Let v(c) = 4*d(c) - 11*l(c). Determine v(5).
2
Let v(n) = -4*n**3 - 3*n**2 - 2*n - 4. Let w(p) = 39*p - 158. Let c be w(4). Give v(c).
20
Let x(z) = z**3 - 9*z**2 + 5*z + 3. Let n be (-80)/(-15)*9/6. What is x(n)?
-21
Let s(o) = -2*o**3 - 5*o**2 + 2*o + 1. Let x(b) = -10*b**2 - 4*b + 2. Let z be x(-1). Calculate s(z).
41
Let n(r) = -6*r**3 - 17*r**2 - 7*r + 4. Let p(o) = -28*o**3 - 68*o**2 - 26*o + 15. Let x(w) = 9*n(w) - 2*p(w). Calculate x(9).
-12
Let i(v) = 9*v**3 + 3*v**2 - 7*v - 9. Let p(t) = -38*t**3 - 13*t**2 + 29*t + 38. Let o(b) = -17*i(b) - 4*p(b). Suppose 3 = l + 5. Determine o(l).
7
Suppose 0 = -3*v + 6*v. Suppose -d + 5*a = v, a + 2*a = -3*d. Let y(k) = -k**3 + k**2 + k + 4. What is y(d)?
4
Let j(m) be the third derivative of -m**5/60 - 5*m**4/24 - m**3/6 - 76*m**2. Determine j(-4).
3
Let t(k) = k + 8. Let w = -8 + 4. Let p(f) = -f**3 - 5*f**2 - 5*f - 10. Let q be p(w). Give t(q).
2
Let s(l) = l**2 - 9*l - 12. Let a(p) = p + 1. Let y(m) = 3*a(m) + s(m). Let b be 6 - (0/3 - 2). Determine y(b).
7
Let o(q) = 35*q - 175. Let c be o(5). Let j(t) be the first derivative of -t**2/2 + 6*t + 1. Let g be j(c). Let b(y) = -y**2 + 7*y - 9. Calculate b(g).
-3
Let g be (4*1)/((-6)/3). Let j(d) be the first derivative of -2/3*d**3 + 2*d - d**2 - 10. What is j(g)?
-2
Let j(f) be the first derivative of 17*f - 1/3*f**3 - 28 + 11/2*f**2. Calculate j(12).
5
Let f(m) = 2*m - 4. Let x(g) = g - 12. Let b be x(16). Suppose 3 = -n - b. Calculate f(n).
-18
Let q(p) be the first derivative of p**2/2 + 5*p + 121. Determine q(-5).
0
Let n(o) = -10*o**2 + o + 2. Let q(h) = 8*h**2 + 1 - 16*h**2 + 3*h**2 + 6*h**2. Let p(j) = n(j) - q(j). What is p(-1)?
-11
Let b(m) = -8*m - 2. Suppose 17*y - 2 = 19*y. Calculate b(y).
6
Let b = 4 - 11. Let n(c) be the third derivative of -c**4/24 + 3*c**3/2 - 413*c**2. Calculate n(b).
16
Let t(c) = -2*c**3 + 3*c**2 - c + 1. Let m be 4*((-38)/8 - -2). Let q(i) = -i**3 - 13. Let o be q(0). Let d = m - o. Give t(d).
-5
Let d(k) = -k**2 - 2*k + 7. Let y(i) = -i**3 - 3*i**2 + 7*i + 6. Let m be y(3). Let j = m - -22. What is d(j)?
-8
Let c(d) = d + 2. Let j(i) = 7*i - 6. Let n(y) = -6*c(y) + j(y). Give n(10).
-8
Let s(z) be the first derivative of 2*z**2 - 12*z - 193. Give s(10).
28
Let a(p) = -11*p**3 - 91*p**2 - 25*p - 10. Let d be a(-8). Let r(h) = 2 + 0*h**2 - 2*h**2 + 0*h - h**3 - h. Determine r(d).
4
Let w be (-5)/5 + (-2 - -6). Let s(i) = i**w - i**3 + 60*i + 1 + 4*i**3 + 2*i**2 - 58*i. Give s(-1).
-3
Let z be -1 + 0 + -3 + 4. Let i(f) be the first derivative of f**4/4 + f**3/3 + f**2/2 - 15. Calculate i(z).
0
Let g be -3 + 22*(0 + 2/4). Let p be ((-5)/(-10))/(-2 - (-20)/g). Let c(j) = -27*j**3 - j**2 + 2*j - 1. What is c(p)?
-27
Let b(a) be the third derivative of 0*a - 1/24*a**4 + 14*a**2 + 0 + a**3. Calculate b(0).
6
Let d(g) = 3*g - 28. Let s(n) = 85*n - 243. Let u be s(3). What is d(u)?
8
Let t(a) = -2*a**3 + 4*a**2 - 3*a + 3. Let z be (3/(-18) - (-25)/42)*7. Let p be 1*-2*(-11)/(22/z).